e number?
False
Suppose -2*g = 18 - 372. Let k = g + 26. Is k a composite number?
True
Let l = -8 + 11. Suppose 4*b - 3*m - 7 = -2, -l*b + m + 5 = 0. Suppose -5*a = j - 66, 4*a - 30 = -b*j + 18. Is a prime?
False
Let x(g) = g - 3 - 2*g + 4 - 33*g**2. Let u be x(1). Is (u/12)/((-2)/8) a prime number?
True
Let v = -687 - -1688. Suppose -v = -5*r - 156. Is r a prime number?
False
Suppose 3*g - 9 = 0, -6*i + 19 = -2*i - 3*g. Suppose 3*y - i*y + 260 = 0. Is y prime?
False
Let x = 8 - 5. Suppose -125 = -x*o - 2*o. Is o a composite number?
True
Suppose 764 = k + k. Suppose 35*a = 39*a - 1984. Suppose -4*b + 86 = 4*t - k, 4*b - 3*t = a. Is b composite?
True
Suppose -4*t + 6*b - b = -8163, -6166 = -3*t - 5*b. Is t a prime number?
False
Let w = 38 - 4. Is w a prime number?
False
Is 2/(-4) - ((-1172)/8 - -1) prime?
False
Suppose 4*k = 2*y + 2258, -5*k + 2*k = 4*y - 1677. Is k a prime number?
True
Let p(v) = -21*v**3 - v**2 + 3*v + 3. Let s(q) = 2*q**2 - 11*q - 8. Let n be s(6). Is p(n) prime?
False
Let j be 2 - -1*(8 + -3). Let y(b) = -5*b**2 + 7*b - 7. Let s be y(j). Let l = 292 + s. Is l prime?
True
Let y be -1*(-13)/((-2)/(-2)). Let i = 35 - y. Suppose -2 = 2*p - i. Is p prime?
False
Let r(p) be the third derivative of p**5/30 + p**3/6 - p**2. Is r(-3) prime?
True
Let i(r) = r**3 + 4*r**2. Let l be i(-3). Let t be ((-6)/l)/((-2)/(-30)). Is -11*7*(-11 - t) composite?
True
Let g = 24 + 115. Is g prime?
True
Let w be 3/6*2*0. Suppose w = 3*x - 0*x - 6, 2*x = v. Suppose 0 = 2*f + 3*j - 118, 0*j - 3*j = -v*f + 236. Is f a prime number?
True
Let x(n) = n**3 - 3*n**2 + 3. Let i be x(3). Suppose i*q = 2*f - 1, 0*q + 3*f - 3 = 4*q. Is q composite?
False
Let x(j) = -j**3 - 2*j**2 - j - 2. Let h be x(-2). Suppose 2*m - 34 - 124 = h. Is m a prime number?
True
Suppose -1015 = -3*b - 2*b. Is b a prime number?
False
Let h(f) be the second derivative of f**5/10 - f**4/4 + f**3/2 - 3*f**2/2 - f. Is h(3) a composite number?
True
Suppose -2*y = 3*n - 10, -3*n = -5*n + 5*y - 6. Let l(z) = z**2 + 9*z - 7. Let j be l(-11). Suppose -23 - j = -n*d. Is d a composite number?
False
Let z = -9 + 16. Suppose 11*a = z*a + 140. Is a a prime number?
False
Suppose 5*m + 75 = 5*c - 80, 5*m - 4*c = -150. Let t = 107 - m. Suppose -2*y + 11 = 2*n - 57, 4*y - t = -n. Is y prime?
False
Suppose -u + 3*u = 4. Suppose -u*q = -q - 211. Is q a prime number?
True
Suppose -4*b + 1019 = s, -b + 2*s = 4*b - 1264. Is b a prime number?
False
Suppose 0*n - 2*n - 3157 = -3*u, 0 = u - 5*n - 1035. Is u composite?
True
Suppose 2 + 3 = -5*o. Let b be o + (0 + -1)*-6. Suppose 0 = -2*r + b*j + 91 + 100, -10 = 2*j. Is r prime?
True
Let d(h) be the third derivative of -h**6/120 + h**5/60 + 67*h**3/6 - 6*h**2. Is d(0) composite?
False
Let v be ((-12)/2)/(-2) + -1. Suppose 2*s + 32 = -v*s. Is (-154)/s - (-1)/(-4) a prime number?
True
Suppose 0*t + 2*t + 14 = 2*a, 0 = 4*t + 8. Let k(l) = 5*l + 5. Let i be k(7). Suppose -d + a*d = i. Is d a prime number?
False
Suppose -328 = -2*q + 250. Let k = q - 137. Suppose -2*b + 3*u = -0*b - k, -5*u + 89 = b. Is b a composite number?
False
Suppose 166 = 4*w + 58. Suppose -w - 26 = -y. Is y a composite number?
False
Suppose -8*c = -192 - 2840. Is c prime?
True
Let j = 8 - 3. Suppose -2*z = -j*n + 1011, -z - 404 = -3*n + n. Is n prime?
False
Let p = 9 + -7. Suppose 2*k - 4*s - 148 = 0, s + 370 = 5*k - p*s. Is k composite?
True
Let y = 83 - 116. Let t = y + 100. Is t composite?
False
Let i(k) = -2 + 3*k - 5*k + 0 - 3. Is i(-8) a prime number?
True
Let r = 5 - 2. Let a(x) = -70*x - 1. Let p be a(-1). Suppose 10 = 2*q, -r*u - q + 41 = -p. Is u composite?
True
Suppose 0*x = x - 1, 5*x - 313 = -4*t. Is t prime?
False
Is (-1788)/(-8)*6/9 prime?
True
Let s(m) = -12*m + 1. Let d be s(7). Let l = -46 - d. Is l a composite number?
False
Suppose 0 = 3*t - t - 16. Is ((-356)/t)/(2/(-4)) composite?
False
Suppose 74 = 3*z - 187. Is z prime?
False
Let r be 1/(-4) + (-195)/4. Let m = -91 - -173. Let i = m - r. Is i prime?
True
Let n(l) = 2*l**3 - 3*l**3 - 5*l + 0*l**3 + 2*l**3 + 4*l**2. Let f be n(-4). Let v = -7 + f. Is v composite?
False
Suppose -16 - 4 = -5*p. Is (3*4)/p + 130 a prime number?
False
Let o be 124/14 + (-2)/(-14). Is (291/o)/(2/6) a composite number?
False
Suppose 0*l - 15 = -5*l. Suppose -2*j - 5*p + 96 = 0, -3*j + 125 = p - l*p. Is j a prime number?
True
Suppose -5*d = 4*g - 1039, 2*d - 649 = -d + 4*g. Is d prime?
True
Suppose 29 = 4*i + 3*t + 5, -5*i - 3*t + 27 = 0. Suppose -i*z + 4*c = -399, c - 665 = -5*z + 4*c. Is z a prime number?
False
Let b(s) be the first derivative of -s**5/20 + s**4/12 + s**2/2 - s + 2. Let k(r) be the first derivative of b(r). Is k(-3) a prime number?
True
Suppose -2*a + 3 = -3. Let o be (-2)/(-6) + 278/a. Let j = -26 + o. Is j prime?
True
Suppose -5*s + 13 = -5*w - 2, 4*w = -3*s + 23. Suppose -275 = -w*b - 3*b. Is b a prime number?
False
Suppose -4*f + 4 = -4. Suppose -m = -2*x - 2 - f, 4*m = -x + 16. Let k = 9 + m. Is k prime?
True
Suppose -4*t + 20 = 8. Suppose 5*j = -3*k + 1 - 6, t*k + 3*j = 3. Suppose k*c - 34 = -4*s, 4*c + 0*c + 4*s = 24. Is c composite?
True
Let c = 780 + -43. Is c a composite number?
True
Let g = -2 - -4. Suppose 2*q = 10, q + g*q = -t + 308. Is t a prime number?
True
Suppose -7 - 50 = -y. Suppose 5*r - 180 = u, 0*u - y = -r - 4*u. Is r prime?
True
Is 39*(17/3 + 0) a composite number?
True
Let z(k) = k**3 - 2*k**2 + 1. Suppose 7*a - 3*a - 4 = 0. Let v be z(a). Suppose 3*j - 79 - 188 = v. Is j a prime number?
True
Let s(h) = 17*h + 2*h**2 - 1 - 3 + 2 - 3*h**2. Is s(12) a prime number?
False
Let a be (0 - 2) + 1 - -1. Suppose a*j = j + 154. Is (4 - 3)/((-2)/j) composite?
True
Let r = 662 - 463. Is r composite?
False
Suppose r + 23955 = 6*r. Is r/39 + 4/26 a prime number?
False
Let l(p) = -p. Let k(a) = -a**2 - 6*a - 3. Let x be k(-5). Let s be l(x). Is 1*s*9/(-3) composite?
True
Suppose -4*z + 0 = 3*f - 12, f + 3 = z. Let v = f + 0. Suppose v = -7*u + 4*u + 165. Is u prime?
False
Is (7/(-2))/(-4 + 732/184) a prime number?
False
Suppose -3*n - 663 = -2*f + 2*n, -1683 = -5*f + 4*n. Is f a prime number?
False
Let n be (-2)/(-2) + (443 - 2). Suppose -2*s = 4*w + n, -2*s + 3 = -s. Let t = w - -195. Is t composite?
False
Let z(g) = -g + 14. Is z(-11) composite?
True
Suppose 4*b = -3*d + 12091, 2*d - 6033 = -2*b + 3*d. Is b prime?
True
Let c(l) = 44*l + 5. Let q be c(9). Let k = q - -84. Is k prime?
False
Let a = -871 - -1912. Is a a prime number?
False
Suppose 0 = -3*q + 1463 - 44. Is q composite?
True
Is 123 - (3 + -1 + 0) a composite number?
True
Let l = -1394 - -2561. Is l composite?
True
Let i be -130 + 5 - -1*3. Let r = -63 - i. Is r prime?
True
Suppose 3*r = -5*q + 620, -2*q + 264 = -0*r - 2*r. Is q a composite number?
False
Suppose -2*v + 0*v + 2*g + 2788 = 0, 0 = -g - 1. Is v a composite number?
True
Let k = -15 + -7. Is (k + 0)*25/(-10) a composite number?
True
Let z = 29 - 28. Let m(g) = 192*g**3 - g**2 + g - 1. Is m(z) a composite number?
False
Let s = -1470 - -2888. Is s a prime number?
False
Suppose -5*l + 10*l + 5*j = 0, -3*l - 4*j = 4. Suppose -l*r + 604 = -408. Is r a composite number?
True
Let v(z) be the second derivative of z**4/2 - z**3/2 - z**2/2 + 2*z. Let p be v(-2). Let a = 98 - p. Is a a composite number?
True
Let k(z) = -3*z. Let h be k(-1). Suppose 4*u - 1083 = -q - 422, h*u + q - 496 = 0. Let n = u - -70. Is n composite?
True
Is (2 + -70)/2*2751/(-42) prime?
False
Let g(h) = h**2 - 8*h + 8. Let r be g(7). Let y(q) = -r - q - 12*q**3 - q**3 + 0. Is y(-1) a composite number?
False
Let b be 2/8 - (-15)/(-12). Let f(q) = -82*q**3 + 3*q**2 + 4*q. Let g(y) = -165*y**3 + 7*y**2 + 9*y. Let d(w) = 9*f(w) - 4*g(w). Is d(b) prime?
False
Let y be -3*(2 - (-24)/(-9)). Suppose -y*z - 6 = -4*z. Is z composite?
False
Suppose -4*s = -194 - 570. Is s a prime number?
True
Suppose -1 + 37 = -4*i. Is -2*3/6*i a composite number?
True
Let b(s) = -14*s - 1 - s**3 + 18*s - 2*s**2 - s**2. Is b(-6) prime?
True
Let v be ((-9)/(-12))/(2/8). Let x(j) = -j - v*j**2 + 0 + 2 + 0*j + 3*j**3. Is x(3) composite?
False
Let p(x) = -1060*x**3 + 3*x**2 + 4*x + 2. Is p(-1) a composite number?
False
Let b = -157 + 302. Is b composite?
True
Let g = -53 - 27. Let l = 147 + g. Is l composite?
False
Suppose -2*c = -4*c + 446. Is c a composit